7743
What are the prime factors of 136659570?
2, 3, 5, 4555319
List the prime factors of 1658062905.
3, 5, 107, 1033061
List the prime factors of 495195670.
2, 5, 19, 97, 277
What are the prime factors of 61789148?
2, 239, 64633
List the prime factors of 1681123345.
5, 11, 4493, 6803
What are the prime factors of 707026197?
3, 113, 2085623
What are the prime factors of 6957399?
3, 2319133
What are the prime factors of 672883753?
229, 2938357
List the prime factors of 208415436.
2, 3, 353, 49201
What are the prime factors of 290142545?
5, 7, 11, 753617
What are the prime factors of 11159531?
17, 23, 28541
What are the prime factors of 675656776?
2, 84457097
List the prime factors of 31811783.
23, 1383121
List the prime factors of 3291233632.
2, 193, 532907
List the prime factors of 1282195953.
3, 2311, 20549
What are the prime factors of 57079752?
2, 3, 37, 64279
List the prime factors of 233015967.
3, 23, 375227
What are the prime factors of 764564124?
2, 3, 1637, 38921
List the prime factors of 535866738.
2, 3, 11, 163, 49811
What are the prime factors of 185282302?
2, 59, 1570189
List the prime factors of 831873093.
3, 353, 785527
What are the prime factors of 6655858149?
3, 379, 5853877
What are the prime factors of 37534072?
2, 4691759
What are the prime factors of 3627160?
2, 5, 90679
What are the prime factors of 36616902?
2, 3, 7, 37, 23563
List the prime factors of 1346750608.
2, 7, 17, 31, 22817
What are the prime factors of 655119454?
2, 11, 29, 1026833
List the prime factors of 1016034.
2, 3, 169339
List the prime factors of 132767311.
132767311
List the prime factors of 1531374602.
2, 911, 840491
List the prime factors of 170817965.
5, 577, 59209
List the prime factors of 146121726.
2, 3, 24353621
List the prime factors of 38200515.
3, 5, 2546701
List the prime factors of 626419055.
5, 43, 47, 61991
List the prime factors of 246973709.
41, 103, 233, 251
What are the prime factors of 114845260?
2, 5, 43, 133541
What are the prime factors of 52324519?
13, 61, 65983
List the prime factors of 770650339.
1019, 756281
List the prime factors of 83835703.
7, 239, 50111
What are the prime factors of 35582778?
2, 3, 7, 11, 25673
List the prime factors of 264224531.
149, 1773319
What are the prime factors of 2041463?
71, 28753
List the prime factors of 63826925.
5, 17, 179, 839
What are the prime factors of 66960899?
31, 2160029
What are the prime factors of 14049902?
2, 389, 18059
What are the prime factors of 204656499?
3, 22739611
What are the prime factors of 534084425?
5, 7, 73, 97, 431
What are the prime factors of 52093790?
2, 5, 7, 211, 3527
What are the prime factors of 123391168?
2, 17, 19, 47, 127
What are the prime factors of 28110246?
2, 3, 53, 88397
List the prime factors of 6922108217.
79, 87621623
What are the prime factors of 102084113?
881, 115873
What are the prime factors of 155190640?
2, 5, 11, 176353
What are the prime factors of 5424634280?
2, 5, 13, 167, 62467
List the prime factors of 397511746.
2, 61, 3258293
List the prime factors of 5830364773.
31, 188076283
What are the prime factors of 670133099?
670133099
What are the prime factors of 44093133?
3, 7, 233297
What are the prime factors of 218196345?
3, 5, 149, 233, 419
What are the prime factors of 373032539?
11, 29, 1169381
List the prime factors of 645880649.
645880649
List the prime factors of 4662931345.
5, 367, 971, 2617
List the prime factors of 146275448.
2, 11, 137, 1103
List the prime factors of 492401327.
11, 701, 63857
What are the prime factors of 1227718024?
2, 13, 101, 116881
What are the prime factors of 8627736858?
2, 3, 13, 241, 458971
What are the prime factors of 249790111?
3499, 71389
List the prime factors of 490023201.
3, 1789, 91303
List the prime factors of 488974828.
2, 122243707
List the prime factors of 14754409.
14754409
What are the prime factors of 87118482?
2, 3, 11, 659, 2003
What are the prime factors of 3555442332?
2, 3, 13, 37, 205327
What are the prime factors of 295776981?
3, 3191, 3433
List the prime factors of 177389617.
5309, 33413
What are the prime factors of 200518396?
2, 13, 3856123
What are the prime factors of 76637094?
2, 3, 43, 139, 2137
List the prime factors of 18205247.
139, 130973
List the prime factors of 1943243472.
2, 3, 40484239
What are the prime factors of 65183640?
2, 3, 5, 37, 53, 277
What are the prime factors of 12021595?
5, 487, 4937
List the prime factors of 2790948966.
2, 3, 13, 41, 773, 1129
List the prime factors of 2921308.
2, 13, 56179
List the prime factors of 323370580.
2, 5, 13, 227, 5479
List the prime factors of 81406684.
2, 20351671
What are the prime factors of 6029300342?
2, 13, 17, 47, 290233
What are the prime factors of 52702597?
61, 541, 1597
List the prime factors of 674606837.
19, 1868717
What are the prime factors of 1364624690?
2, 5, 11, 13, 86753
What are the prime factors of 81169592?
2, 7, 677, 2141
What are the prime factors of 28746161?
28746161
List the prime factors of 359056633.
13, 2161, 12781
List the prime factors of 1204314.
2, 3, 17, 11807
What are the prime factors of 207438899?
207438899
What are the prime factors of 141173085?
3, 5, 43, 218873
What are the prime factors of 37966408?
2, 19, 249779
What are the prime factors of 3811089208?
2, 476386151
List the prime factors of 180300200.
2, 5, 901501
List the prime factors of 1306164285.
3, 5, 3225097
What are the prime factors of 422445445?
5, 1213, 69653
What are the prime factors of 387931913?
173, 2242381
List the prime factors of 1479599765.
5, 7, 5569, 7591
What are the prime factors of 1229337720?
2, 3, 5, 13, 347, 757
List the prime factors of 93699412.
2, 19, 379, 3253
List the prime factors of 123264129.
3, 113, 363611
What are the prime factors of 148320041?
59, 2513899
What are the prime factors of 316252075?
5, 167, 211, 359
What are the prime factors of 4538376097?
233, 733, 26573
What are the prime factors of 1345704495?
3, 5, 89713633
List the prime factors of 1150340683.
17, 67667099
What are the prime factors of 4267179070?
2, 5, 7, 11, 139, 39869
List the prime factors of 5365541581.
17, 315620093
What are the prime factors of 5450715588?
2, 3, 67, 6779497
What are the prime factors of 926627860?
2, 5, 2003, 23131
List the prime factors of 175441755.
3, 5, 11696117
What are the prime factors of 3900353686?
2, 1950176843
What are the prime factors of 1105107200?
2, 5, 172673
List the prime factors of 640989.
3, 67, 1063
List the prime factors of 58355423.
7, 31, 41, 937
What are the prime factors of 802549441?
802549441
List the prime factors of 6288259371.
3, 2096086457
What are the prime factors of 1516240493?
22721, 66733
What are the prime factors of 1001038489?
11, 17, 18523
List the prime factors of 928433982.
2, 3, 7, 163, 135617
List the prime factors of 1165399913.
101, 1619, 7127
List the prime factors of 4420632946.
2, 229, 937, 10301
What are the prime factors of 33684714?
2, 3, 7, 89113
List the prime factors of 122292608.
2, 563, 1697
List the prime factors of 42926433.
3, 11, 607, 2143
What are the prime factors of 186725947?
283, 607, 1087
What are the prime factors of 465586587?
3, 61, 661, 1283
List the prime factors of 29683644.
2, 3, 557, 4441
What are the prime factors of 121088928?
2, 3, 23, 173, 317
List the prime factors of 48302950.
2, 5, 17, 56827
List the prime factors of 1815127773.
3, 61, 433, 22907
List the prime factors of 48814641.
3, 41, 263, 503
What are the prime factors of 208051735?
5, 4679, 8893
What are the prime factors of 38125980?
2, 3, 5, 211811
List the prime factors of 648240666.
2, 3, 37, 78919
What are the prime factors of 133115247?
3, 14790583
What are the prime factors of 1376870754?
2, 3, 7, 127, 258131
List the prime factors of 1292305567.
7, 26373583
List the prime factors of 31217303.
13, 271, 8861
What are the prime factors of 220171995?
3, 5, 521, 9391
List the prime factors of 352359449.
13, 337, 80429
List the prime factors of 1536601077.
3, 11, 5173741
What are the prime factors of 175162882?
2, 113, 775057
What are the prime factors of 232812106?
2, 116406053
List the prime factors of 2625991157.
2625991157
List the prime factors of 17248754.
2, 1759, 4903
List the prime factors of 232899435.
3, 5, 19, 29, 31, 101
List the prime facto